{"id":318,"date":"2021-05-19T06:30:22","date_gmt":"2021-05-19T06:30:22","guid":{"rendered":"http:\/\/redprion.unizar.es\/?page_id=318"},"modified":"2021-05-19T06:39:25","modified_gmt":"2021-05-19T06:39:25","slug":"proyecto2","status":"publish","type":"page","link":"http:\/\/redprion.unizar.es\/?page_id=318","title":{"rendered":"Proyecto"},"content":{"rendered":"\n<p>El objetivo principal de este proyecto es la creaci\u00f3n de una red cient\u00edfica de excelencia en el campo de las enfermedades pri\u00f3nicas. Estas enfermedades neurodegenerativas afectan tanto a la ganader\u00eda de la zona transfronteriza franco-espa\u00f1ola como a su poblaci\u00f3n humana y no existe ning\u00fan tratamiento o prueba diagn\u00f3stica ante-mortem fiable para su detecci\u00f3n. La transmisi\u00f3n de priones animales a los seres humanos (zoonosis) por el consumo de alimentos contaminados sigue siendo un motivo de preocupaci\u00f3n para las autoridades sanitarias europeas.&nbsp;Nuestro proyecto propone coordinar las actividades y combinar las habilidades espec\u00edficas de Centros de Investigaci\u00f3n, de grandes centros hospitalarios y de socios privados de la regi\u00f3n transfronteriza con los fines siguientes:<\/p>\n\n\n\n<ul><li>proteger a las personas de los riesgos asociados a las enfermedades pri\u00f3nicas (zoonosis y transmisi\u00f3n iatrog\u00e9nica),<\/li><li>desarrollar enfoques terap\u00e9uticos y herramientas de diagn\u00f3stico innovadores destinados a pacientes,<\/li><li>asegurar la sostenibilidad de las cadenas productivas espec\u00edficas en la regi\u00f3n transfronteriza, ante el riesgo de los agentes pri\u00f3nicos en el campo agroalimentario,<\/li><li>informar a los responsables y profesionales encargados de Salud P\u00fablica y Sanidad Animal, a los actores implicados en las cadenas de producci\u00f3n y al p\u00fablico en general, de las soluciones e innovaciones en el \u00e1mbito de la prevenci\u00f3n de los riesgos asociados a estas enfermedades.<\/li><\/ul>\n","protected":false},"excerpt":{"rendered":"<p>El objetivo principal de este proyecto es la creaci\u00f3n de una red cient\u00edfica de excelencia en el campo de las<\/p>\n","protected":false},"author":1,"featured_media":0,"parent":0,"menu_order":0,"comment_status":"closed","ping_status":"closed","template":"","meta":[],"_links":{"self":[{"href":"http:\/\/redprion.unizar.es\/index.php?rest_route=\/wp\/v2\/pages\/318"}],"collection":[{"href":"http:\/\/redprion.unizar.es\/index.php?rest_route=\/wp\/v2\/pages"}],"about":[{"href":"http:\/\/redprion.unizar.es\/index.php?rest_route=\/wp\/v2\/types\/page"}],"author":[{"embeddable":true,"href":"http:\/\/redprion.unizar.es\/index.php?rest_route=\/wp\/v2\/users\/1"}],"replies":[{"embeddable":true,"href":"http:\/\/redprion.unizar.es\/index.php?rest_route=%2Fwp%2Fv2%2Fcomments&post=318"}],"version-history":[{"count":3,"href":"http:\/\/redprion.unizar.es\/index.php?rest_route=\/wp\/v2\/pages\/318\/revisions"}],"predecessor-version":[{"id":331,"href":"http:\/\/redprion.unizar.es\/index.php?rest_route=\/wp\/v2\/pages\/318\/revisions\/331"}],"wp:attachment":[{"href":"http:\/\/redprion.unizar.es\/index.php?rest_route=%2Fwp%2Fv2%2Fmedia&parent=318"}],"curies":[{"name":"wp","href":"https:\/\/api.w.org\/{rel}","templated":true}]}}